pose 9*t - 6*t = 1701. Let g be ((-24)/(-1))/((-16)/200). Let a = g + t. Is a a prime number?
False
Let z = -9959 + 16962. Suppose 5*o = -d + 13853, 4*o = 5*d + 4091 + z. Is o a composite number?
True
Suppose 3*j - 19 = b - 2*j, 3*j = 12. Let q = b + 4. Is 49 + 1 - (q + -2) prime?
True
Let x = -128069 - -222490. Is x a prime number?
True
Let m be 8202/(-10) - 40/50. Let n = m + 2040. Is n prime?
False
Let p(k) be the first derivative of 5/2*k**2 - 5*k + 19/4*k**4 - 2/3*k**3 + 8. Is p(2) a prime number?
True
Suppose 5*u - 2*u = -3, -3*u = 3*q + 6. Let c be 1018/4 + q/2. Suppose -c = -0*p - 2*p. Is p a prime number?
True
Let g = 159 + -225. Let j = g + 813. Suppose 4*a = 2*m + 2715 - j, -3*a + 1481 = m. Is a a composite number?
True
Let v be (-1031 - -5)/(4/(-26)). Let z = -1930 + v. Is z prime?
False
Is 4358/(2 - (0 - (-3 + 3))) a composite number?
False
Is -26 + 22 + 7*737 a composite number?
True
Is (-1 + 4)*(-213626)/(-42) a composite number?
False
Let w(g) be the first derivative of g**3/3 - g - 1. Let b = -37 + 43. Is w(b) composite?
True
Suppose -8*a + 292 = -36. Suppose a*g = 46*g - 9865. Is g composite?
False
Let m be 3/6*2 - -2. Is (-1434)/(-12) - m/2 a composite number?
True
Suppose -27544 = 32*r - 359352. Is r a prime number?
True
Suppose 9*m = 7*m. Suppose 5 + 5 = 5*l + 5*j, 4*j + 4 = m. Suppose h - 281 = -0*z - 3*z, 867 = 3*h + l*z. Is h a prime number?
True
Suppose -4*w = 4*f - 0*w + 216, -2*f = 4*w + 108. Is 14644/36 + (-12)/f a composite number?
True
Let n = -490 - -106. Suppose -3*x - 2845 = 2*x. Let w = n - x. Is w a composite number?
True
Let b(t) = -t**3 - 4*t**2 + t + 8. Let m be b(-4). Suppose m*d = -5*s + 2143, d - 6*d + 437 = s. Is s a composite number?
True
Let k(w) = 3*w**3 - w**2 + 1. Let c be k(-1). Let s be (-2)/(c + (-14)/(-4)). Is 134*(-4)/s + -3 a composite number?
False
Let b(g) = 1153*g + 147. Is b(8) a composite number?
False
Let p(m) = m - 4. Let n = 24 - 19. Let k be p(n). Is -4*k*(-3651)/12 prime?
True
Let s(a) = 685. Let h(z) = z. Let q(o) = -h(o) + s(o). Is q(0) prime?
False
Let h = -5 + 8. Let b be -8*(102/16 + -7). Suppose h*m = -0*m + 2*v + 1251, -2110 = -5*m - b*v. Is m prime?
True
Let s = -30 - -33. Suppose 4547 + 2460 = s*b - 4*c, -3*c = 6. Is b prime?
True
Let o be 5 - 2*2/2. Suppose 2*v + 3 = -5*d - 3, 0 = o*v - 2*d - 29. Let l = v + 0. Is l a composite number?
False
Let f(j) = 17*j**3 - 4*j + 6. Is f(3) a composite number?
True
Is 9623 - (-16)/(-12)*3 a composite number?
False
Suppose 304637 = -22*z + 1122883. Is z composite?
True
Let t(x) = -17*x**2 - 4*x + 4. Let c be t(-6). Let a = 1086 + c. Is a prime?
False
Let u = 4522 - -3537. Is u a composite number?
False
Let a(v) = v**3 + 5*v**2 - v. Let s be a(-5). Suppose -l - 3*l + 4*c = -32, -12 = 3*c. Suppose s*r - 5*g - 40 = 0, 4*g - 30 - 10 = -l*r. Is r composite?
True
Let h(l) = -567*l + 28. Is h(-17) a composite number?
True
Let m = -1178 + 1847. Is m prime?
False
Let w = -27353 + 50826. Is w prime?
True
Suppose 4*m - 5 = 3*m. Suppose 103 + 77 = -3*i. Let g = m - i. Is g composite?
True
Let y(a) be the first derivative of -a**2 - 7*a - 4. Let o be y(11). Let x = 24 - o. Is x a prime number?
True
Let w = 42 + -35. Suppose w*f = 8*f - 133. Is f a prime number?
False
Suppose 3*z = 2*u + u + 5100, -u = 4*z - 6820. Suppose -3*m - 177 + z = 0. Is m a composite number?
False
Is 8507 + -4 + (-3 - -9) composite?
True
Suppose -83 - 79 = -3*c. Suppose 0 = -5*y + h + 160, -y - 5*h + 16 = -16. Let q = c - y. Is q prime?
False
Let l = 28 + -26. Suppose -3*u - 3*d = 603, 0 = 3*u - 0*d - l*d + 593. Is u*(3 + 20/(-5)) a prime number?
True
Let t = 8944 + -6173. Is t a composite number?
True
Let s be (-4 - 12/(-4)) + -7. Let x(y) = -62*y - 17. Is x(s) composite?
False
Let y(x) = -7*x**2 - 26 + 27 + 3*x**2 - 7*x**2 + x**3 + 22*x. Is y(10) a composite number?
True
Let f(k) = 3*k - 17. Let a be f(-3). Is a/(-91) + (-215)/(-7) prime?
True
Suppose -2 = 3*h + 1, 0 = -4*z + 2*h + 76134. Is z prime?
False
Suppose 3*n - 5*u - 51 = 0, 4*u + 32 + 36 = 4*n. Let a(m) = 163*m + 8. Is a(n) a composite number?
True
Suppose 16*a - 21*a - 39 = -2*i, -4*i + 48 = -4*a. Let h = 8 + -5. Suppose 4*f + i*d = 2*d + 1282, -d - 971 = -h*f. Is f composite?
True
Suppose -125*w + 115*w + 483470 = 0. Is w a prime number?
False
Suppose -3*w - 2*o + 19 = 0, -w + 4*o - 33 = -6*w. Suppose 5*v = v - w*y, 3*y = 3*v - 27. Let p = v - 1. Is p composite?
True
Let l be (-3)/((-9)/6) - -2. Let f be -1 + (-7)/((-7)/l). Suppose -f*x = -278 + 23. Is x a composite number?
True
Suppose -g + 3*i + 1 - 2 = 0, 0 = 3*g - 2*i - 4. Suppose 3*t + 970 = 5*t - 4*n, -n = g. Is t a prime number?
False
Let r(t) = 369*t**2 + 56*t + 16. Is r(7) a prime number?
False
Let b(i) = 45*i + 5*i + 1 + 52*i. Is b(3) a composite number?
False
Suppose 5*f - 34754 = -c + 12165, -3*f = -4*c + 187676. Is c a composite number?
False
Let g = 20150 - 10705. Is g composite?
True
Suppose -2749 + 21870 = h. Is h a prime number?
True
Suppose -3*x - 4*l = -401, -x = -0*x - 2*l - 147. Suppose 0 = -2*n + x + 667. Is n a prime number?
False
Suppose s = -2*l + 6 - 2, -5*l = 2*s - 12. Let m(j) = 2*j**2 + 8*j - 9. Is m(l) a prime number?
False
Suppose 0 = 3*l - 12, -8*l - 1449 = -3*y - 5*l. Is y a composite number?
False
Let u = -19591 + 11446. Is (-4)/8 + u/(-6) prime?
False
Suppose 5*u = -5*n + 1375, 3*n + 2*u = 4*n - 290. Suppose r - n - 393 = 0. Is r composite?
False
Suppose 0*b + 2*g + 10034 = -2*b, g = -5*b - 25065. Let o be 14/(-35) - b/5. Suppose x + 199 = -3*q + 960, -4*q + o = -5*x. Is q a composite number?
True
Let g = 623 - 228. Suppose s = -4*s + g. Is s a prime number?
True
Let c(p) = p**3 + 19*p**2 + 15*p + 27. Let a = 0 + -14. Is c(a) a composite number?
False
Let z(t) = t**3 + 5*t**2 + 14*t + 3. Is z(17) prime?
True
Suppose -x + 3*x = 0. Suppose x = -g - g. Suppose g = d - 80 - 9. Is d prime?
True
Let r = 21 - 38. Let q be 1 + (1 + r)/4. Is q/3*-3 - -40 a prime number?
True
Let y(o) = 19*o**2 + 7*o - 19. Is y(5) composite?
False
Suppose 5*s = 2*o + 21141, 0*s + 3*o - 12693 = -3*s. Is s a composite number?
False
Let a(v) = 2*v**2 - 15*v - 2. Let x(q) = -q**2 + q + 1. Let r(m) = -a(m) - x(m). Let f be r(13). Suppose 2*b - 24 = f. Is b a composite number?
False
Let u be 4 - (26/2 + -2). Let k(o) = -6*o**3 - 2*o**2 - 4*o + 17. Is k(u) prime?
False
Let s be 28/(-84) - 4144/(-3). Suppose -s = 2*n - 4*n + 5*m, 4*n = 3*m + 2741. Is n a prime number?
True
Let k be ((-1)/(-2))/(5/2760). Let c = 397 - k. Suppose 24 = -r + c. Is r composite?
False
Let y(f) = -126*f - 77. Let t be y(-14). Let z = -822 + t. Is z prime?
False
Suppose -3*s + 2*z + 13328 = 0, -s + 0*s = -z - 4443. Is s composite?
True
Suppose -2*z = -5 + 85. Let g = 422 + z. Is g prime?
False
Is (6/(-4))/(60/(-290200)) a prime number?
False
Let t be ((-72)/15)/(15/(-200)). Suppose -2*f - 4*b = t, 0*f - b + 89 = -3*f. Let h = f + 83. Is h a prime number?
True
Suppose 20378 - 1519 = s. Is s composite?
False
Let c = 3476 + -5159. Let r = -794 - c. Is r composite?
True
Suppose -47 = -2*o + 4*c - 15, o + 2*c = 0. Let q be (6/o)/((-3)/(-24)). Suppose -q*v + 0*v = -1770. Is v prime?
False
Let n be 7/((-24)/9 + 3). Let y(f) = 16*f - 29. Is y(n) a composite number?
False
Let a(k) = -11*k**3 + 12*k**2 + 4*k + 29. Is a(-6) composite?
True
Let i(s) be the first derivative of -6*s**2 - 1/3*s**3 - 2 + 7*s. Is i(-9) a prime number?
False
Suppose 5*f - 2*f - 8 = -i, 0 = -i + 5*f - 16. Is (-5)/((-1952)/1948 - i) a composite number?
True
Suppose 5*s - s - 2*y = 35214, 35208 = 4*s + 4*y. Is s a prime number?
True
Let q = 21 + -19. Suppose 2*z - 1473 = -h, -2*h - q*z = -0*h - 2938. Is h a prime number?
False
Let f(x) = 2*x**2 - 56*x - 35. Is f(33) prime?
False
Let u(g) = -4*g + 70. Let w be u(17). Suppose -w*b + 544 = 5*i - 83, -5*b - 274 = -2*i. Is i composite?
False
Suppose -6*c + 0*c = -66. Is (-2)/c - 21726/(-66) prime?
False
Suppose -3*v + l = -15080, v + 9*l - 5032 = 4*l. Is v a composite number?
True
Let o(z) = 39*z + 4. Let y be o(6). Let q = 451 - y. Suppose 0 = 3*w - 18 - q. Is w a prime number?
False
Suppose -3*c - c = 2*v - 34, c = -3*v + 11. Let k(n) = -n**3 + 9*n**2 - 7*n - 10. Let t be k(c). Let q = 9 + t. Is q a prime number?
True
Let q(t) be the first derivative of t**3/3 + t**2/2 